ors of 915728?
2, 11, 43
What are the prime factors of 340353?
3, 13, 2909
List the prime factors of 2155349.
7, 163, 1889
What are the prime factors of 5779764?
2, 3, 31, 5179
What are the prime factors of 9255509?
9255509
What are the prime factors of 14289052?
2, 1123, 3181
List the prime factors of 193989.
3, 64663
List the prime factors of 15563187.
3, 1019, 1697
What are the prime factors of 14891771?
151, 98621
List the prime factors of 63467.
63467
List the prime factors of 9032964.
2, 3, 752747
What are the prime factors of 196147?
7, 4003
What are the prime factors of 7781468?
2, 107, 18181
What are the prime factors of 187308?
2, 3, 11, 43
List the prime factors of 22441533.
3, 7480511
What are the prime factors of 3789474?
2, 3, 13, 19, 2557
What are the prime factors of 3482109?
3, 42989
List the prime factors of 5630719.
5630719
List the prime factors of 281867.
281867
What are the prime factors of 2743362?
2, 3, 101, 503
What are the prime factors of 963442?
2, 481721
What are the prime factors of 143239?
143239
List the prime factors of 4528768.
2, 35381
What are the prime factors of 75387?
3, 13, 1933
What are the prime factors of 1336542?
2, 3, 337, 661
List the prime factors of 1447468.
2, 11, 67, 491
What are the prime factors of 128042?
2, 73, 877
List the prime factors of 3436555.
5, 687311
List the prime factors of 99444.
2, 3, 8287
List the prime factors of 2482025.
5, 7, 13, 1091
List the prime factors of 273157.
273157
List the prime factors of 510707.
510707
List the prime factors of 13305839.
13305839
What are the prime factors of 5208610?
2, 5, 11, 47351
List the prime factors of 422763.
3, 11, 23, 557
List the prime factors of 19188040.
2, 5, 479701
What are the prime factors of 2936865?
3, 5, 195791
What are the prime factors of 2509783?
23, 109121
List the prime factors of 6316961.
7, 67, 13469
What are the prime factors of 36207653?
457, 79229
List the prime factors of 460462.
2, 17, 29, 467
What are the prime factors of 2580501?
3, 7, 11, 11171
List the prime factors of 1489005.
3, 5, 7, 29, 163
What are the prime factors of 137889?
3, 5107
What are the prime factors of 4046536?
2, 13, 41, 73
List the prime factors of 3093723.
3, 139, 2473
What are the prime factors of 2370489?
3, 11, 29, 2477
List the prime factors of 350919.
3, 41, 317
List the prime factors of 3222564.
2, 3, 268547
List the prime factors of 1478801.
79, 18719
What are the prime factors of 109178?
2, 79, 691
List the prime factors of 210328.
2, 61, 431
List the prime factors of 14516026.
2, 7, 43, 24113
What are the prime factors of 12747?
3, 7, 607
What are the prime factors of 238013?
19, 12527
What are the prime factors of 440609?
13, 33893
What are the prime factors of 13051485?
3, 5, 290033
List the prime factors of 2380559.
71, 33529
List the prime factors of 34125761.
31, 1100831
List the prime factors of 861254.
2, 17, 73, 347
List the prime factors of 771112.
2, 113, 853
What are the prime factors of 11106489?
3, 3702163
List the prime factors of 446909.
446909
List the prime factors of 9321163.
53, 397, 443
List the prime factors of 352597.
7, 17, 2963
What are the prime factors of 8209195?
5, 587, 2797
What are the prime factors of 14899875?
3, 5, 39733
List the prime factors of 297099.
3, 11, 3001
List the prime factors of 382911.
3, 127637
What are the prime factors of 279869?
239, 1171
List the prime factors of 5725351.
67, 85453
List the prime factors of 2104747.
2104747
What are the prime factors of 792528?
2, 3, 11, 19, 79
List the prime factors of 9294991.
607, 15313
List the prime factors of 4444423.
19, 233917
List the prime factors of 1479284.
2, 369821
List the prime factors of 586559.
97, 6047
What are the prime factors of 5656855?
5, 197, 5743
What are the prime factors of 20782139?
7, 2968877
What are the prime factors of 16081645?
5, 223, 14423
What are the prime factors of 110938?
2, 55469
What are the prime factors of 1054954?
2, 173, 3049
What are the prime factors of 5636?
2, 1409
What are the prime factors of 3248074?
2, 1624037
List the prime factors of 5187420.
2, 3, 5, 7, 23, 179
List the prime factors of 99615.
3, 5, 29, 229
List the prime factors of 386185.
5, 77237
List the prime factors of 230163.
3, 17, 4513
List the prime factors of 2156084.
2, 7, 77003
What are the prime factors of 7497487?
47, 159521
What are the prime factors of 1027?
13, 79
What are the prime factors of 603872?
2, 113, 167
List the prime factors of 197632.
2, 193
List the prime factors of 239345.
5, 47869
List the prime factors of 6569968.
2, 410623
List the prime factors of 16726.
2, 8363
What are the prime factors of 1576957?
1576957
What are the prime factors of 320978?
2, 7, 101, 227
What are the prime factors of 2526846?
2, 3, 7, 17, 3539
List the prime factors of 117471.
3, 39157
List the prime factors of 668363.
19, 29, 1213
What are the prime factors of 28938466?
2, 14469233
List the prime factors of 4818974.
2, 2409487
What are the prime factors of 215531?
215531
List the prime factors of 1102159.
1102159
What are the prime factors of 958267?
701, 1367
What are the prime factors of 1879591?
7, 89, 431
List the prime factors of 147076.
2, 83, 443
List the prime factors of 255704.
2, 31963
List the prime factors of 539339.
539339
List the prime factors of 11215240.
2, 5, 17, 16493
List the prime factors of 120961.
73, 1657
What are the prime factors of 5739686?
2, 587, 4889
What are the prime factors of 624991?
31, 20161
What are the prime factors of 14886517?
14886517
What are the prime factors of 3237439?
1307, 2477
What are the prime factors of 73827?
3, 13, 631
List the prime factors of 283709.
53, 101
What are the prime factors of 690974?
2, 345487
List the prime factors of 1794721.
19, 59, 1601
List the prime factors of 913496.
2, 89, 1283
List the prime factors of 1087732.
2, 29, 9377
What are the prime factors of 813740?
2, 5, 23, 29, 61
List the prime factors of 1213793.
7, 317, 547
What are the prime factors of 6478436?
2, 59, 97, 283
List the prime factors of 199949.
79, 2531
What are the prime factors of 186435?
3, 5, 1381
What are the prime factors of 1375286?
2, 11, 5683
List the prime factors of 407003.
367, 1109
List the prime factors of 70054.
2, 35027
What are the prime factors of 5604768?
2, 3, 13, 499
List the prime factors of 90756.
2, 3, 2521
What are the prime factors of 717082?
2, 358541
List the prime factors of 7199660.
2, 5, 13, 27691
What are the prime factors of 1483176?
2, 3, 29, 2131
List the prime factors of 1613611.
23, 70157
List the prime factors of 1206181.
1206181
List the prime factors of 247422.
2, 3, 7, 43, 137
What are the prime factors of 155669?
17, 9157
What are the prime factors of 18269498?
2, 13, 23, 137, 223
What are the prime factors of 974126?
2, 571, 853
What are the prime factors of 7289371?
31, 47, 5003
List the prime factors of 1523700.
2, 3, 5, 1693
What are the prime factors of 2949721?
17, 167, 1039
List the prime factors of 761972.
2, 71, 2683
What are the prime factors of 1011589?
1011589
What are the prime factors of 28520489?
61, 467549
What are the prime factors of 353981?
479, 739
What are the prime factors of 112766?
2, 56383
What are the prime factors of 367468?
2, 91867
What are the prime factors of 12569334?
2, 3, 67, 31267
List the prime factors of 280124.
2, 13, 5387
List the prime factors of 3126647.
107, 29221
What are the prime factors of 979922?
2, 489961
What are the prime factors of 621173?
7, 1811
List the prime factors of 1591178.
2, 795589
What are the prime factors of 1256450?
2, 5, 13, 1933
List the prime factors of 165236.
2, 101, 409
What are the prime factors of 1200537?
3, 13, 31, 331
What are the prime factors of 5135086?
2, 11, 41, 5693
List the prime factors of 2026339.
7, 289477
List the prime factors of 4430117.
31, 142907
List the prime factors of 2040069.
3, 37, 18379
What are the prime factors of 344589?
3, 7, 61, 269
What are the prime factors of 214912?
2, 23, 73
What are the prime factors of 1758470?
2, 5, 7, 25121
What are the prime factors of 1705019?
47, 36277
List the prime factors of 598591.
7, 85513
List the prime factors of 56601.
3, 19, 331
List the prime factors of 2239699.
7, 11, 17, 29, 59
What are the prime factors